t common divisor of 27 and 549.
9
Calculate the highest common divisor of 791 and 14.
7
What is the greatest common divisor of 2405 and 65?
65
Calculate the greatest common divisor of 78 and 91.
13
Calculate the highest common factor of 10 and 190.
10
Calculate the greatest common factor of 13 and 884.
13
Calculate the greatest common divisor of 77 and 28.
7
What is the greatest common factor of 175 and 1015?
35
What is the highest common divisor of 45 and 2940?
15
Calculate the greatest common factor of 25769 and 73.
73
Calculate the highest common factor of 704 and 66.
22
Calculate the greatest common divisor of 14 and 686.
14
Calculate the highest common factor of 90 and 72.
18
Calculate the greatest common factor of 34 and 2669.
17
Calculate the greatest common factor of 46 and 166.
2
What is the greatest common divisor of 147 and 19698?
147
What is the greatest common divisor of 188 and 4?
4
Calculate the greatest common divisor of 49 and 315.
7
What is the greatest common factor of 1248 and 2400?
96
Calculate the highest common divisor of 15 and 3.
3
What is the greatest common factor of 10 and 265?
5
What is the highest common divisor of 28 and 7826?
14
Calculate the highest common factor of 125 and 5700.
25
Calculate the highest common divisor of 1984 and 1472.
64
What is the highest common factor of 20 and 5450?
10
What is the greatest common factor of 34 and 544?
34
What is the greatest common factor of 66 and 18?
6
What is the highest common factor of 7 and 9345?
7
What is the greatest common divisor of 6 and 246?
6
What is the greatest common divisor of 24 and 1572?
12
What is the greatest common factor of 1665 and 185?
185
What is the highest common divisor of 395 and 155?
5
Calculate the highest common factor of 45 and 9.
9
What is the highest common divisor of 172 and 688?
172
What is the greatest common factor of 29 and 435?
29
What is the highest common divisor of 51 and 2499?
51
What is the highest common factor of 45 and 1845?
45
Calculate the highest common factor of 114 and 38.
38
What is the highest common divisor of 8 and 2114?
2
What is the highest common factor of 52 and 6084?
52
What is the greatest common divisor of 48 and 108?
12
Calculate the greatest common factor of 7 and 1456.
7
Calculate the highest common divisor of 162 and 4203.
9
What is the greatest common divisor of 1 and 23?
1
Calculate the greatest common factor of 12 and 16668.
12
Calculate the highest common factor of 2911 and 213.
71
Calculate the greatest common factor of 2720 and 255.
85
What is the highest common factor of 625 and 25?
25
Calculate the greatest common divisor of 2600 and 800.
200
What is the greatest common divisor of 456 and 133?
19
What is the highest common divisor of 84 and 24220?
28
What is the highest common divisor of 3290 and 141?
47
What is the highest common factor of 50 and 350?
50
What is the greatest common divisor of 1218 and 116?
58
Calculate the highest common divisor of 304 and 1976.
152
Calculate the highest common divisor of 36 and 128.
4
What is the greatest common factor of 1305 and 45?
45
Calculate the highest common divisor of 490 and 2548.
98
What is the greatest common divisor of 7 and 749?
7
Calculate the highest common factor of 1254 and 38.
38
Calculate the greatest common divisor of 796 and 8.
4
Calculate the greatest common factor of 22 and 2486.
22
Calculate the greatest common divisor of 176 and 77.
11
What is the greatest common divisor of 124 and 4?
4
Calculate the highest common factor of 175 and 50.
25
Calculate the greatest common divisor of 53351 and 31.
31
Calculate the greatest common factor of 4750 and 2.
2
Calculate the greatest common factor of 8131 and 173.
173
Calculate the greatest common factor of 1739 and 111.
37
Calculate the greatest common divisor of 15155 and 70.
35
What is the greatest common divisor of 27 and 5211?
27
Calculate the highest common factor of 928 and 5510.
58
Calculate the greatest common factor of 74 and 29674.
74
What is the greatest common factor of 115 and 20?
5
What is the highest common factor of 29 and 28333?
29
What is the greatest common factor of 65 and 50?
5
What is the greatest common divisor of 36 and 9?
9
What is the greatest common factor of 24009 and 159?
159
What is the greatest common factor of 36 and 66?
6
Calculate the greatest common factor of 29 and 1102.
29
What is the highest common factor of 19 and 1349?
19
What is the highest common divisor of 842 and 6?
2
What is the greatest common factor of 234 and 9?
9
Calculate the highest common factor of 3568 and 16.
16
What is the highest common factor of 84 and 48?
12
What is the greatest common divisor of 25 and 10075?
25
What is the highest common factor of 214 and 54784?
214
Calculate the greatest common divisor of 183 and 610.
61
What is the greatest common divisor of 79 and 2?
1
Calculate the highest common divisor of 1395 and 45.
45
Calculate the highest common divisor of 326 and 6.
2
What is the greatest common factor of 657 and 144?
9
What is the highest common divisor of 5388 and 24?
12
What is the highest common divisor of 352 and 464?
16
What is the highest common divisor of 4980 and 45?
15
Calculate the greatest common factor of 9 and 2862.
9
Calculate the greatest common divisor of 3240 and 120.
120
Calculate the greatest common divisor of 136 and 40.
8
Calculate the highest common divisor of 9331 and 1736.
217
Calculate the greatest common divisor of 18 and 366.
6
Calculate the highest common factor of 253 and 345.
23
Calculate the highest common divisor of 5640 and 450.
30
Calculate the greatest common divisor of 44 and 8536.
44
What is the greatest common divisor of 410 and 164?
82
What is the highest common factor of 9 and 7893?
9
What is the highest common factor of 23250 and 30?
30
What is the highest common divisor of 2140 and 60?
20
Calculate the highest common divisor of 5263 and 57.
19
What is the highest common divisor of 45 and 3?
3
What is the greatest common divisor of 63 and 623?
7
What is the highest common divisor of 5540 and 20?
20
What is the greatest common factor of 34 and 2?
2
Calculate the highest common divisor of 518 and 14.
14
What is the greatest common factor of 1632 and 51?
51
What is the highest common divisor of 13696 and 192?
64
Calculate the highest common factor of 9 and 18.
9
What is the highest common divisor of 115 and 828?
23
Calculate the greatest common factor of 60 and 100.
20
What is the highest common divisor of 81 and 189?
27
Calculate the greatest common factor of 14 and 763.
7
Calculate the highest common factor of 1540 and 484.
44
What is the highest common divisor of 7 and 630?
7
Calculate the highest common factor of 16 and 24.
8
What is the highest common factor of 408 and 12?
12
What is the highest common factor of 2059 and 203?
29
Calculate the highest common factor of 92 and 207.
23
What is the highest common divisor of 1639 and 253?
11
What is the greatest common factor of 128 and 1984?
64
What is the greatest common divisor of 320 and 5?
5
What is the highest common factor of 120 and 78840?
120
Calculate the greatest common factor of 26 and 208.
26
Calculate the greatest common divisor of 1360 and 1870.
170
Calculate the greatest common factor of 592 and 56.
8
What is the greatest common factor of 14 and 21574?
14
What is the greatest common divisor of 30 and 276?
6
Calculate the highest common factor of 22 and 32.
2
What is the greatest common factor of 30 and 970?
10
What is the greatest common divisor of 190 and 38?
38
What is the greatest common factor of 232 and 406?
58
What is the highest common factor of 68 and 8?
4
What is the highest common factor of 5 and 13?
1
What is the greatest common factor of 6 and 8?
2
Calculate the highest common factor of 612 and 48.
12
Calculate the highest common factor of 17 and 524.
1
Calculate the greatest common factor of 537 and 24881.
179
What is the highest common factor of 49 and 21511?
49
What is the highest common divisor of 455 and 42?
7
What is the highest common factor of 1422 and 72?
18
Calculate the greatest common divisor of 7 and 5509.
7
Calculate the highest common factor of 6024 and 216.
24
Calculate the highest common factor of 744 and 264.
24
What is the highest common